34. What are the prime factors of z(12)?
2, 173, 197
Let z be (-1 + 0)*-2*(-128 + 126). What are the prime factors of (z - (-7 + 4)) + 512?
7, 73
Suppose -4*h + 2*w - 14 + 26 = 0, -h - 5*w - 8 = 0. Suppose 2240 = 4*d - 5*t, h*d - 4*t - 683 = 443. List the prime factors of d.
3, 5, 37
Suppose -3*p + 6*p + 318 = 4*u, 5*u - 392 = p. Let b = 90 - u. List the prime factors of (16/b)/(10/15).
2
Let t be (1 - 2)*(-20 + 827). Let g = t - -1167. What are the prime factors of g?
2, 3, 5
Let l(c) = -38*c**2 + c - 7. Let n(d) = -37*d**2 + d - 7. Let r(y) = 4*l(y) - 5*n(y). List the prime factors of r(3).
7, 43
Let s = 62070 + -19924. What are the prime factors of s?
2, 13, 1621
Let j(h) = 231*h - 2255. List the prime factors of j(23).
2, 11, 139
Suppose 0 = 212*z - 2997073 - 4259263. List the prime factors of z.
2, 43, 199
Let w = 640 + -391. Suppose 3*k = -5*i + w, 3*i + 0*i + k - 147 = 0. Suppose 10*v - 8*v - i = 0. List the prime factors of v.
2, 3
Suppose -19460 = -4*n + 4*k, 3*n - 951 - 13645 = 2*k. List the prime factors of n.
2, 3, 811
Suppose 3*r = -16 + 19. What are the prime factors of (16/(-6))/((-1)/18*r)?
2, 3
Suppose 12*m = 147028 + 29576. What are the prime factors of m?
14717
Let u be 12/3 - (265 - -1). Let j = 157 - u. List the prime factors of j.
419
Suppose 8*s = 5*s + 501. Suppose s = 6*a - 5*a. Suppose -4*u = 3*r - 214, 0*u - a = -3*u + r. What are the prime factors of u?
5, 11
Let l = 107 - 131. Let f(b) = b**3 + 23*b**2 - 25*b - 13. Let d be f(l). Let r = 71 - d. What are the prime factors of r?
2, 3, 5
Let o = -69 - -70. Suppose -o = 3*t + 5, -2*t = -x + 83. What are the prime factors of x?
79
Suppose 10*x = 11*x - 138. Suppose 11*a = 2*k + 10*a - x, 0 = -5*k + 4*a + 351. Suppose 3*b = 2*v - v - k, 5*v - 2*b = 374. List the prime factors of v.
2, 19
Let a = 208 + -206. Suppose -n - a*n + 1401 = 0. What are the prime factors of n?
467
Let v = -430 - -445. Suppose c - 3*n - 160 = 0, -11*n + 14*n = -v. What are the prime factors of c?
5, 29
Let w(z) = 829*z**2 - 410*z + 2423. List the prime factors of w(6).
41, 727
Suppose 0 = 3*d + 15, -5*i = -3*i + d - 185. Suppose -i = -5*u - 25. Suppose -17*y = -u*y - 852. What are the prime factors of y?
2, 71
Let x be 288 + 24/(-36) + (-14)/(-3). What are the prime factors of x + -29 - (2 + 0)?
3, 29
Suppose -3*s + 12 = -4*x, -5 - 4 = 5*s + 3*x. Suppose s = -q + 11. List the prime factors of 2 - ((-8)/44 + (-1692)/q).
2, 3, 13
Let t(b) = -b - 13. Let n be t(-15). Suppose -18 = 2*z + n. List the prime factors of (z/(-4))/((-5)/(-30)).
3, 5
Suppose 5*j - 6*l - 177 = -2*l, 0 = -j + 4*l + 45. Let s = j - 31. List the prime factors of ((-944)/(-4))/s + -2.
2, 29
Suppose 325886 = 67*x - 936662. What are the prime factors of x?
2, 7, 673
Let m = -74488 - -148584. What are the prime factors of m?
2, 11, 421
Let h(g) = g**3 - 26*g**2 - 63*g + 397. List the prime factors of h(30).
7, 43
Let g(h) = 0 + 22*h**3 - 18*h**3 - 9 + 9*h + 4*h - 6*h**2. What are the prime factors of g(5)?
2, 7, 29
Suppose -4*s + 12145 + 16887 = -5*v, 2*v - 14498 = -2*s. List the prime factors of s.
7253
Let h(c) = -268*c**3 - 9*c**2 - 13*c + 5. List the prime factors of h(-3).
23, 313
Let h(a) = -32*a - 344. Let u be h(-10). Let x(j) = -11*j + 2. Let k be x(-6). Let i = k - u. What are the prime factors of i?
2, 23
Suppose -2*m + 164 = 3*v + v, -3*v = -4*m - 112. Suppose i = -3*z - 42, 5*i + 66 = z - 160. Let n = v - i. What are the prime factors of n?
5, 17
Suppose 0 = -5*k + 33793 + 1837. List the prime factors of k.
2, 7, 509
Let j(q) = q + 8. Let o be j(6). Let y = 10 - o. List the prime factors of 8/16 - 234/y.
59
Let g = 134 - 68. Let l be (-10)/4*g/15. List the prime factors of (l - -9) + 200/2.
2, 7
Let o(q) = -4 + 554*q**2 - 6*q + 2 - 2*q + 116*q**2. What are the prime factors of o(-1)?
2, 13
Suppose 36 + 52 = 8*q. Let r = -12 + q. What are the prime factors of 118/((-2 + r)*(-1)/3)?
2, 59
Let d = 44037 - 17125. What are the prime factors of d?
2, 29
What are the prime factors of 8/(-60)*(-881139)/28 + (-7)/(-70)?
2, 1049
Let u(a) = -151*a - 54. Let l be u(-12). Suppose 4*q = -2*y + l + 1166, 5*y - 1446 = -2*q. What are the prime factors of q?
733
Let o(m) = -2*m - 8. Let v be o(-3). Let s(d) = -4*d - 2. Let t be s(v). Let f(y) = y**3 - 3*y**2 - 7*y + 9. What are the prime factors of f(t)?
3, 5
Suppose -5*l - 4*r + 60 = 41, -5*l = -2*r - 13. Suppose 0*i + 3*c + 705 = i, l*c = 5*i - 3561. What are the prime factors of i?
2, 3, 7, 17
Suppose -1121 = 4*n - 181. Let o = n + 348. What are the prime factors of o?
113
Suppose 0 = -0*i + 7*i + 931. Let t = 141 - i. Suppose 0*b - 4*b + 2*z + t = 0, 0 = -3*b + z + 206. What are the prime factors of b?
3, 23
Let f = -33788 - -55277. List the prime factors of f.
3, 13, 19, 29
What are the prime factors of (-176)/(-110) + (-80841)/(-15)?
3, 599
Let g = -67222 - -94410. What are the prime factors of g?
2, 7, 971
What are the prime factors of ((-3364187)/(-321))/(3/9)?
23, 1367
Let b = -106 + 94. What are the prime factors of (-4464)/(-56)*(-56)/b?
2, 3, 31
Suppose 66*w - 133*w - 88*w = -5243805. List the prime factors of w.
3, 7, 179
Let f = -7995 + 43156. What are the prime factors of f?
7, 5023
Suppose -3*o = -z - 58, 4*o = 8*o - 2*z - 76. Suppose 8*k = 4*k - o, 0 = 3*n + 2*k - 1142. What are the prime factors of n?
2, 3
Suppose -17*b = -45*b - 30*b + 525248. List the prime factors of b.
2, 283
Let h(r) = -84*r + 572. What are the prime factors of h(-55)?
2, 11, 59
Let y be 10/50 - (2 + 3514/(-5)). Suppose -6*b + y + 667 = 0. What are the prime factors of b?
2, 3, 19
Suppose -17*y = -636 - 928. List the prime factors of (y/(-2))/((-62)/279).
3, 23
Let a(v) = -105*v**3 + 6*v**2 - 11*v - 14. List the prime factors of a(-5).
2, 3329
Let t be -13 + (-17)/(68/(-32)). Let m(g) = -g**3 + 2*g**2 + 16*g + 11. What are the prime factors of m(t)?
2, 53
Let p be (1255*3/60)/(1/4). Suppose -p = 3*r - 4*r + 2*z, 3*z = -9. Let i = 399 - r. List the prime factors of i.
2, 7, 11
Suppose -6659 = -4*n + 9437. Suppose -n = -10*a - 364. What are the prime factors of a?
2, 3, 61
Let t = 2103 - -3305. What are the prime factors of t?
2, 13
Suppose 4*p = 5*p - y - 6612, 4*y = -5*p + 33042. What are the prime factors of p?
2, 5, 661
Let x(z) be the first derivative of 5*z**3/6 + 17*z**2/2 + 14*z + 18. Let b(o) be the first derivative of x(o). What are the prime factors of b(9)?
2, 31
Suppose i + 930 = -4*i. Let c = -2276 - -2652. Let k = c + i. What are the prime factors of k?
2, 5, 19
List the prime factors of -3 - 3 - -93*(3 + 204).
3, 5, 1283
Let t = 27 + -12. Suppose 8*o - 2329 = -11*o + 2*o. Let d = t + o. What are the prime factors of d?
2, 19
Suppose -4*q = 3*q - 35. Suppose -7*u + 4*u = 2*c + 168, -5*u - q*c - 285 = 0. List the prime factors of (u/(-4))/(6/40).
2, 3, 5
Suppose -10*n + 31 - 1 = 0. Suppose 5*b = -n*o + 2*o + 6, 3*b - 2*o - 14 = 0. What are the prime factors of 3*(b + 19 - -3)?
2, 3
Let c(f) be the second derivative of 0 + 22*f - 1/20*f**5 - 1/3*f**3 - 1/6*f**4 + 5/2*f**2. What are the prime factors of c(-5)?
2, 3, 5
Suppose -127025 = 17*v - 42*v. List the prime factors of v.
5081
Let j(x) = -1172*x + 3062. What are the prime factors of j(-12)?
2, 8563
Let x(u) = -39*u + u**3 + 75*u - 8*u**2 - 29*u. Let b be x(7). Suppose 3*p = -p + 3*l + 108, -5*p + 3*l + 138 = b. List the prime factors of p.
2, 3, 5
Let q = 13440 - 7474. List the prime factors of q.
2, 19, 157
Let o be (-3)/(-1)*(-6252)/(-18). Suppose -673 = -2*c + 3*u, 2*u + 364 = -2*c + o. What are the prime factors of c?
2, 13
Suppose -2*c = 3*c + 20, -4*s + 4*c = -32. Let g(k) = -k**2 + 40*k + 23. Let h be g(25). Suppose 2*t + h = s*t. What are the prime factors of t?
199
Let q(k) = -470*k**3 - 1 - 3*k**2 + 471*k**3 + 17*k + 13*k**2. Let g be q(-8). What are the prime factors of (-28)/126 + (-2243)/g?
3, 83
Suppose -27*g + 40 = -7*g. Suppose 5*f - 2*x - 5266 = 0, -g*f + 5*x = f - 3171. What are the prime factors of f?
2, 263
Let y be 348/(-54) + 6 + 11000/45. Let d = 197 + y. List the prime factors of d.
3, 7
Suppose -30*d + 87351 = 10041. Let m = d - 1520. List the prime factors of m.
7, 151
Suppose o = 5*x - 143216, 27*x - 28624 = 26*x - 3*o. What are the prime factors of x?
2, 14321
Let z = -847 - -849. Suppose 2*m + 4*t =